{"id":39,"date":"2024-11-28T20:49:04","date_gmt":"2024-11-28T20:49:04","guid":{"rendered":"http:\/\/193.194.89.193\/wp_lgar\/?page_id=39"},"modified":"2024-12-18T09:18:37","modified_gmt":"2024-12-18T09:18:37","slug":"equipes-de-recherche","status":"publish","type":"page","link":"https:\/\/lgar.usthb.dz\/index.php\/equipes-de-recherche\/","title":{"rendered":"\u00c9quipes de recherche"},"content":{"rendered":"\n<p>Les membres du laboratoire LGAR d\u00e9veloppent des recherches qui s\u2019organisent autour des axes suivants&nbsp;:<\/p>\n\n\n\n<p><strong><a href=\"https:\/\/lgar.usthb.dz\/index.php\/equipe-1\/\" data-type=\"page\" data-id=\"45\">\u00c9QUIPE N\u00b0 01.<\/a><\/strong><\/p>\n\n\n\n<ul class=\"wp-block-list\">\n<li>Axe \u00ab&nbsp;<strong>G\u00e9ographie et Espaces G\u00e9ographiques<\/strong>&nbsp;\u00bb, int\u00e9grant quatre actions<\/li>\n<\/ul>\n\n\n\n<p>&#8211; Complexit\u00e9 des espaces g\u00e9ographiques&nbsp;: morphologie, mod\u00e9lisation, multiplexit\u00e9, m\u00e9tamorphose.<\/p>\n\n\n\n<p>&#8211; L\u2019apport des \u00e9tudes de G\u00e9ographie physique \u00e0 l\u2019am\u00e9nagement local et r\u00e9gional.<\/p>\n\n\n\n<p>&#8211; Le littoral alg\u00e9rien&nbsp;: entre opportunit\u00e9s et contraintes.<\/p>\n\n\n\n<p>&#8211; Le Sahara alg\u00e9rien&nbsp;: entre opportunit\u00e9s et contraintes.<\/p>\n\n\n\n<p><strong><a href=\"https:\/\/lgar.usthb.dz\/index.php\/equipe-2\/\" data-type=\"page\" data-id=\"46\">\u00c9QUIPE N\u00b0 02.<\/a><\/strong><\/p>\n\n\n\n<ul class=\"wp-block-list\">\n<li>Axe \u00ab&nbsp;<strong>Les \u00e9tudes humaines<\/strong>&nbsp;\u00bb, comprenant trois actions.<\/li>\n<\/ul>\n\n\n\n<p>&#8211; R\u00e9f\u00e9rentiel de l\u2019observation statistique et spatiale.<\/p>\n\n\n\n<p>&#8211; Dynamique humaine au profit du d\u00e9veloppement r\u00e9gional.<\/p>\n\n\n\n<p>&#8211; Migration et immigration&nbsp;: \u00e9tudes g\u00e9ographiques.<\/p>\n\n\n\n<p><a href=\"https:\/\/lgar.usthb.dz\/index.php\/equipe-3\/\" data-type=\"page\" data-id=\"49\">\u00c9QUIPE N\u00b0 <strong>03.<\/strong><\/a><\/p>\n\n\n\n<ul class=\"wp-block-list\">\n<li>Axe \u00ab&nbsp;<strong>T\u00e9l\u00e9d\u00e9tection et SIG<\/strong>&nbsp;\u00bb qui s\u2019int\u00e9resse \u00e0&nbsp;:<\/li>\n<\/ul>\n\n\n\n<p>&#8211; La conception et la r\u00e9alisation des cartes th\u00e9matiques.<\/p>\n\n\n\n<p>&#8211; La conception et la r\u00e9alisation des programmes SIG.<\/p>\n\n\n\n<p>&#8211; La quantification et l\u2019interpr\u00e9tation des donn\u00e9es satellitaires.<\/p>\n\n\n\n<p><strong><a href=\"http:\/\/193.194.89.193\/wp_lgar\/index.php\/equipe-4\/\" data-type=\"page\" data-id=\"53\"><\/a><strong><a href=\"http:\/\/193.194.89.193\/wp_lgar\/index.php\/equipe-3\/\" data-type=\"page\" data-id=\"49\"><\/a><\/strong><a href=\"https:\/\/lgar.usthb.dz\/index.php\/equipe-4\/\" data-type=\"page\" data-id=\"53\"><strong><strong>\u00c9<\/strong><\/strong>QUIPE N\u00b0 04.<\/a><\/strong><\/p>\n\n\n\n<ul class=\"wp-block-list\">\n<li>Axe \u00ab&nbsp;<strong>flux, circulation, \u00e9nergie et ressources<\/strong>&nbsp;\u00bb, dans lequel s\u2019inscrivent trois actions&nbsp;:<\/li>\n<\/ul>\n\n\n\n<p>&#8211; Les potentialit\u00e9s de l\u2019espace g\u00e9ographique&nbsp;(\u00e9conomiques et touristiques)&nbsp;: local et r\u00e9gional.<\/p>\n\n\n\n<p>&#8211; Les \u00e9changes des richesses entre r\u00e9gions.<\/p>\n\n\n\n<p>&#8211; Les r\u00e9seaux de transport.<\/p>\n","protected":false},"excerpt":{"rendered":"<p>Les membres du laboratoire LGAR d\u00e9veloppent des recherches qui s\u2019organisent autour des axes suivants&nbsp;: \u00c9QUIPE N\u00b0 01. &#8211; Complexit\u00e9 des espaces g\u00e9ographiques&nbsp;: morphologie, mod\u00e9lisation, multiplexit\u00e9, m\u00e9tamorphose. &#8211; L\u2019apport des \u00e9tudes de G\u00e9ographie physique \u00e0 l\u2019am\u00e9nagement local et r\u00e9gional. &#8211; Le <span class=\"readmore\"><a href=\"https:\/\/lgar.usthb.dz\/index.php\/equipes-de-recherche\/\">Continue Reading<\/a><\/span><\/p>\n","protected":false},"author":1,"featured_media":0,"parent":0,"menu_order":0,"comment_status":"closed","ping_status":"closed","template":"","meta":{"footnotes":""},"class_list":["post-39","page","type-page","status-publish","hentry"],"_links":{"self":[{"href":"https:\/\/lgar.usthb.dz\/index.php\/wp-json\/wp\/v2\/pages\/39","targetHints":{"allow":["GET"]}}],"collection":[{"href":"https:\/\/lgar.usthb.dz\/index.php\/wp-json\/wp\/v2\/pages"}],"about":[{"href":"https:\/\/lgar.usthb.dz\/index.php\/wp-json\/wp\/v2\/types\/page"}],"author":[{"embeddable":true,"href":"https:\/\/lgar.usthb.dz\/index.php\/wp-json\/wp\/v2\/users\/1"}],"replies":[{"embeddable":true,"href":"https:\/\/lgar.usthb.dz\/index.php\/wp-json\/wp\/v2\/comments?post=39"}],"version-history":[{"count":17,"href":"https:\/\/lgar.usthb.dz\/index.php\/wp-json\/wp\/v2\/pages\/39\/revisions"}],"predecessor-version":[{"id":303,"href":"https:\/\/lgar.usthb.dz\/index.php\/wp-json\/wp\/v2\/pages\/39\/revisions\/303"}],"wp:attachment":[{"href":"https:\/\/lgar.usthb.dz\/index.php\/wp-json\/wp\/v2\/media?parent=39"}],"curies":[{"name":"wp","href":"https:\/\/api.w.org\/{rel}","templated":true}]}}