{"id":46,"date":"2024-11-28T20:53:01","date_gmt":"2024-11-28T20:53:01","guid":{"rendered":"http:\/\/193.194.89.193\/wp_lgar\/?page_id=46"},"modified":"2024-12-05T19:30:11","modified_gmt":"2024-12-05T19:30:11","slug":"equipe-2","status":"publish","type":"page","link":"https:\/\/lgar.usthb.dz\/index.php\/equipe-2\/","title":{"rendered":"\u00c9quipe 2"},"content":{"rendered":"\n<p><strong>HDR \u2013 La g\u00e9ographie humaine au profit du d\u00e9veloppement r\u00e9gional<\/strong><\/p>\n\n\n\n<h3 class=\"wp-block-heading\">MEMBRES<\/h3>\n\n\n\n<p><strong>Chef d\u2019\u00e9quipe\u00a0:<\/strong>\u00a0<strong>Docteur<\/strong> <strong>DJELDJLI Abdelhadi<\/strong><\/p>\n\n\n\n<figure class=\"wp-block-table\"><table><thead><tr><th><strong>Nom &amp; Pr\u00e9nom<\/strong><\/th><th><strong>Grade<\/strong><\/th><th><strong>Structure de rattachement<\/strong><\/th><\/tr><\/thead><tbody><tr><td>DJELDJLI Abdelhadi<\/td><td>MCA<\/td><td>USTHB<\/td><\/tr><tr><td>BENALIA Fateh<\/td><td>MCB<\/td><td>USTHB<\/td><\/tr><tr><td>BERKOUNE Hanane<\/td><td>MAA<\/td><td>USTHB<\/td><\/tr><tr><td>ZERAIB Salah<\/td><td>Pr.<\/td><td>Universit\u00e9 de Batna<\/td><\/tr><tr><td>BOUMARAF Hocine<\/td><td>MCA<\/td><td>Universit\u00e9 de Biskra<\/td><\/tr><tr><td>MOKHTARI Mustapha<\/td><td>MAA<\/td><td>Universit\u00e9 de T\u00e9bessa<\/td><\/tr><\/tbody><\/table><\/figure>\n","protected":false},"excerpt":{"rendered":"<p>HDR \u2013 La g\u00e9ographie humaine au profit du d\u00e9veloppement r\u00e9gional MEMBRES Chef d\u2019\u00e9quipe\u00a0:\u00a0Docteur DJELDJLI Abdelhadi Nom &amp; Pr\u00e9nom Grade Structure de rattachement DJELDJLI Abdelhadi MCA USTHB BENALIA Fateh MCB USTHB BERKOUNE Hanane MAA USTHB ZERAIB Salah Pr. Universit\u00e9 de Batna <span class=\"readmore\"><a href=\"https:\/\/lgar.usthb.dz\/index.php\/equipe-2\/\">Continue Reading<\/a><\/span><\/p>\n","protected":false},"author":1,"featured_media":0,"parent":0,"menu_order":0,"comment_status":"closed","ping_status":"closed","template":"","meta":{"footnotes":""},"class_list":["post-46","page","type-page","status-publish","hentry"],"_links":{"self":[{"href":"https:\/\/lgar.usthb.dz\/index.php\/wp-json\/wp\/v2\/pages\/46","targetHints":{"allow":["GET"]}}],"collection":[{"href":"https:\/\/lgar.usthb.dz\/index.php\/wp-json\/wp\/v2\/pages"}],"about":[{"href":"https:\/\/lgar.usthb.dz\/index.php\/wp-json\/wp\/v2\/types\/page"}],"author":[{"embeddable":true,"href":"https:\/\/lgar.usthb.dz\/index.php\/wp-json\/wp\/v2\/users\/1"}],"replies":[{"embeddable":true,"href":"https:\/\/lgar.usthb.dz\/index.php\/wp-json\/wp\/v2\/comments?post=46"}],"version-history":[{"count":10,"href":"https:\/\/lgar.usthb.dz\/index.php\/wp-json\/wp\/v2\/pages\/46\/revisions"}],"predecessor-version":[{"id":287,"href":"https:\/\/lgar.usthb.dz\/index.php\/wp-json\/wp\/v2\/pages\/46\/revisions\/287"}],"wp:attachment":[{"href":"https:\/\/lgar.usthb.dz\/index.php\/wp-json\/wp\/v2\/media?parent=46"}],"curies":[{"name":"wp","href":"https:\/\/api.w.org\/{rel}","templated":true}]}}